3 - 2 - 1). Let w(j) = -10*j**2 - 8*j + 21. Let l(d) = -7*d**2 - 5*d + 14. Let s(b) = v*w(b) + 7*l(b). What is s(-5)?
-7
Suppose v - 13 = -40. Suppose -3*b - 21 = 3*j, 3*j + 3*b = j - 15. Let o be j*(-6)/v*3. Let l(w) = -w**2 - 5*w + 1. Give l(o).
5
Suppose 3*y = -3*q + 6, -3*q - 1 + 22 = -2*y. Let m(o) = 3*o + 2. Give m(y).
-7
Let s(g) be the second derivative of -g**4/12 - 7*g**3/6 - 9*g**2/2 + 22*g. Determine s(-6).
-3
Let v be (-8)/3*3/(-2). Suppose -v*t + 3*q = -11, -2*t - q - q + 2 = 0. Let f(y) = 4 - 2*y**2 - y**3 + 0*y**2 + 5*y**t - 2*y. What is f(3)?
-2
Let v(b) = -b**3 + 8*b**2 + 4. Let o(t) = t + 23. Let m be o(-15). Give v(m).
4
Let t(l) = 0*l**2 - l**2 + 12 + l + 0*l. Suppose 2*j - n - 5 = j, 5*j + n = -5. Calculate t(j).
12
Let l(c) = 4*c - 4. Suppose -9*k + 12*k - 15 = 0. What is l(k)?
16
Let c(k) = k - 10. Let b(f) = 1. Let v(z) = -2*b(z) - c(z). Let w(j) = j - 1. Let l(n) = -v(n) - 2*w(n). Let m(u) = -3*u + 3. Let q be m(2). Give l(q).
-3
Let h(i) = i**2 + 43*i - 51*i + 4 + 0. What is h(3)?
-11
Suppose -3*a + 16 = 22. Let x(l) = -3*l**2 - 1. What is x(a)?
-13
Let f(h) = 6*h - 2. Let y(a) = -a + 1. Let o(b) = f(b) + 5*y(b). Let t be 2/(-8)*2*8. Give o(t).
-1
Let a be 3/3*1 - 4. Let l(p) = p + 7*p - 2*p + 2. Calculate l(a).
-16
Let t(j) = j**3 - j**2 + 3*j - 2. Suppose d = -3 - 1. Let v = d - -6. Determine t(v).
8
Let y be (-88)/(-3) - (-4)/6. Let x(j) = j**2 - 7*j - 16. Let u be x(7). Let m be (u/(-10))/(12/y). Let c(b) = -b**3 + 2*b**2 + 7*b - 6. What is c(m)?
-10
Suppose -3*k - 9 = -r, 6*r - 5*r = -4*k - 12. Let q(b) = -b**3 - 4*b**2 - 4. Determine q(k).
-13
Let z be (3/6)/(1/6). Suppose -z*r = -2*d - r + 22, -2*r = 3*d - 58. Suppose -5*l + 25 = 0, 4*u - 2*l + d + 2 = 0. Let s(y) = -3*y. Give s(u).
6
Let l(z) = -3*z + 30. Let c(u) = 2*u - 20. Let v(a) = -7*c(a) - 5*l(a). Determine v(7).
-3
Let f = 12 + -7. Suppose 2*q = 3*z - 15, q - f*z + 0*z = -18. Let i(v) = 3*v + 3. Calculate i(q).
-6
Let v = -9 + 15. Let g(x) = 2*x + 1. Determine g(v).
13
Let u(c) = -7 + 8 - c**2 + 3 - 11*c + 3. Calculate u(-12).
-5
Let z(v) = v**3 - 4*v**2 - 6*v + 7. Let u be z(5). Suppose -u = -q - 0*q. Let i(x) = -2*x + 2. What is i(q)?
-2
Let p(y) = -7*y**3 - 12*y**2 - 4*y - 6. Let x(m) = -20*m**3 - 35*m**2 - 11*m - 17. Let n(d) = -17*p(d) + 6*x(d). What is n(-6)?
-12
Let c(x) = 1 - 3*x**3 + 2*x + 0*x - x**2 - 7. Let s(m) = 10*m**3 + 4*m**2 - 7*m + 19. Let h(r) = -7*c(r) - 2*s(r). Let v = -11 - -11. Determine h(v).
4
Let q(j) = -2*j + 7. Let s be q(5). Let x = s + 2. Let l(u) = 9*u - 1 + 1. Give l(x).
-9
Let w be 100/(-36) - 2/9. Let p be (-1 - w)*-1 + -1. Let y(h) be the second derivative of h**5/20 + h**4/12 - 2*h**3/3 + h. Give y(p).
-6
Let p(y) = 13*y - 5*y - 9*y + 4. Suppose 2*r - a - 36 = 6*r, 0 = -a. Let d = r - -14. Determine p(d).
-1
Let q = 28 - 24. Let m(h) = 5*h - 1. Calculate m(q).
19
Let f = -2 + 3. Let d be 12/9*1*3. Let j(t) = -d*t**2 + 2*t**2 + 17*t**3 - 25*t**3 + t**2. Determine j(f).
-9
Let u = 9 + -16. Let b = 12 + u. Let v(o) = 3*o - 6. Determine v(b).
9
Let h be 10/(-6)*(-1 - -4). Let y(d) = -d**3 + 6*d**2 - 5*d. Let u(a) = a**3 - 7*a**2 + 6*a. Let s(w) = h*y(w) - 4*u(w). Determine s(1).
0
Suppose -12 - 4 = 2*f - 3*w, 3*w = f + 11. Suppose 6 = 5*v + 2*u, -v + 0*u - 5*u - 8 = 0. Let t(m) = -3 + 6 + v*m - m. Give t(f).
-2
Let y(c) = c + 1. Let x(d) = d. Let r(u) = 12*u + 4. Let j(q) = r(q) - 10*x(q). Let l(n) = -j(n) + y(n). Let i = -12 + 7. Determine l(i).
2
Let v be (2 - 3/3) + -2. Let u = v + 4. Let t(x) = -5*x - 2 + u*x + x. Calculate t(-3).
1
Let b(s) be the third derivative of -s**4/8 + s**3/6 - 4*s**2. What is b(3)?
-8
Suppose -l - 1 = -0. Let p(u) = -2*u**2 - 2*u + 0 + 0*u - 1. Calculate p(l).
-1
Let h(w) = 3*w - 2 - 5 + 2 - 2*w. Determine h(-7).
-12
Suppose -40*r + 50*r + 10 = 0. Let z(t) = 19*t**3 + t**2 - t - 1. Calculate z(r).
-18
Suppose 37 - 12 = 5*n. Let c(r) = -5*r. Let m(w) = -3*w. Let k(g) = n*m(g) - 2*c(g). Calculate k(1).
-5
Suppose 4*i - 7 = 5. Let q(a) = -a**3 + 2*a**2 + a. Calculate q(i).
-6
Let z be 12/8*(-2)/3. Let c(d) = 3*d**3 + d**2. Give c(z).
-2
Let a(t) be the first derivative of t**3/3 + 2*t**2 + 3*t + 16. Give a(-5).
8
Let c(b) be the third derivative of -b**5/60 + 5*b**4/24 + 7*b**3/6 + 5*b**2. Calculate c(6).
1
Let h(n) = -n**2 - n - 1. Let d be (23/(-3))/(2/6). Let t = d - -23. Give h(t).
-1
Let i(c) = 4*c - 5 + c**2 + 9 + 0*c**2 - 2*c**2. Give i(4).
4
Let z(h) = -h + 7. Suppose -2*n + 23 = 3*q, 2*n + 2*q - 4*q - 18 = 0. Suppose v = x, -3*x + 0*x + v = -n. Determine z(x).
2
Let b(n) be the second derivative of -n**6/360 + n**5/20 - 5*n**4/24 - n**3/3 + 3*n. Let f(v) be the second derivative of b(v). What is f(5)?
0
Let j(n) = -n - 3. Let q be j(0). Let t(d) = -d - 2. Let k be t(q). Let g(y) = 6*y - 1. Determine g(k).
5
Let f(d) = 8*d. Suppose 5*z + n = -3*n - 17, 4*z - 2*n + 24 = 0. Let v(h) = -15*h - 1. Let p(j) = z*f(j) - 3*v(j). Calculate p(-2).
-7
Let g(v) = 39*v**2 - 4*v - 37*v**2 + 4*v - 1 + 2*v. What is g(1)?
3
Let w be (2 + 12)/(-2) + 2. Let f(t) = -5*t**3 - 2*t**2 - 11*t - 4. Let z(p) = 4*p**3 + 3*p**2 + 10*p + 4. Let l(s) = -3*f(s) - 4*z(s). Give l(w).
6
Let y = -20 - -32. Let l be (-3)/(-2) + y/8. Let g(j) = -4*j**2 - 6*j**2 + 4*j**2 + l*j - 1 + 7*j**2. What is g(-3)?
-1
Let i(m) = 4*m**2 + 8 - m**3 - 3 + 2*m + m. Let x(v) = -v**2 - 5*v - 2. Let j be x(-4). Suppose -5*d + 30 = j*c, 8*c - 4*c - 32 = -3*d. Determine i(c).
-5
Let h be 2 + 1 + 0 - 2. Suppose 3*f - h = 2*t - 3, -f - 29 = 5*t. Let z(l) be the first derivative of -l**4/4 - 2*l**3 - 5*l**2/2 - 2*l + 2. What is z(t)?
-2
Let m be (-6)/(-36) + (-29)/(-6). Let l(w) = 3*w**2 + 3*w - 9. Let x(o) = o**2 - o - 1. Let u(z) = l(z) - 4*x(z). Calculate u(m).
5
Let g = 62 - 39. Let m(z) = 5*z - 3*z + g - 19. Calculate m(-6).
-8
Let g(s) = s + 2. Let z = -8 - -15. Let q = -11 + z. Give g(q).
-2
Let a(j) be the second derivative of j**3/3 - 5*j. Determine a(3).
6
Let o(g) = -g + 4. Suppose -n - 1 = 3*l, -5*l - 11 = -n - 2*n. What is o(n)?
2
Let d(a) = a - 2. Suppose -g + 25 = -5*b, -5*g - b + 3*b + 10 = 0. Let h be (-6)/(-1) + g + 0. What is d(h)?
4
Let b(v) = 4*v + 2. Let c(n) = -3*n. Let u(g) = 2*b(g) + 3*c(g). Let h = -8 + 13. Calculate u(h).
-1
Let d be ((-6)/8 - -1)*2. Let q(t) be the second derivative of 0 - 1/12*t**4 - 2*t + t**2 - d*t**3. Give q(-5).
-8
Let o(k) = k**2 + 12*k + 5. Let l = 21 + -32. What is o(l)?
-6
Suppose 13*u - 8*u + 45 = 0. Let j(c) = -c**3 - 8*c**2 + 10*c + 11. Determine j(u).
2
Let v(k) = 13*k - 1. Let s be 10/2 + 16/(-4). Give v(s).
12
Let x(p) be the third derivative of 1/360*p**6 + 0*p - 1/40*p**5 + 1/24*p**4 - 2*p**2 + 0 + 0*p**3. Let h(i) be the second derivative of x(i). What is h(2)?
1
Let y = -21 + 21. Let n(r) = -r**2 - r - 7. Give n(y).
-7
Let j = -10 + 11. Let i(d) = 7*d**2 - d + 5. Let v(z) = z**2 + 1. Let r(n) = i(n) - 4*v(n). Calculate r(j).
3
Let b(t) = t + 3. Let w be 5/(5/(-2)) + -3. Give b(w).
-2
Suppose -2*i = 2*i. Let j(x) be the second derivative of -x**5/20 + x**4/12 + x**3/6 - 4*x**2 + 5*x. Give j(i).
-8
Let n(m) = 4*m - m**2 - 8 + 5 + m**3 + 0*m**3. Determine n(2).
9
Let s(b) = -b + 9. Let y(x) = x - 8. Let l(k) = 4*s(k) + 5*y(k). Let u be l(0). Let w(o) = o**3 + 4*o**2 + 3*o + 5. What is w(u)?
-7
Let p be (-4)/(1 - (-3)/(-9)). Let s be (-10)/15 - 16/p. Suppose 2*j + 28 = -4*l, s = -4*j + j + 2*l. Let m(d) = -d**3 - 5*d**2 - 5*d + 2. Determine m(j).
6
Let q(w) = 10*w**3 + 3*w**3 - 2*w**3. Determine q(-1).
-11
Let t(n) be the third derivative of -n**4/24 - 7*n**3/3 - 8*n**2. What is t(0)?
-14
Let u(l) = -l**3 + 3*l - 1. Let j be ((-27)/18)/((-3)/4). What is u(j)?
-3
Let b = 65 + -59. Let l(x) = x**2 - 7*x - 2. Calculate l(b).
-8
Let a(o) be the first derivative of 3*o**2/2 - o - 39. What is a(-2)?
-7
Let n(g) be the first derivative of 4 + 0*g**2 - g**4 + 0*g + 1/3*g**3. What is n(-1)?
5
Let o(i) be the first derivative of i**5/60 + i**4/24 + i**3/6 + i**2/2 - 3. Let b(w) be the second derivative of o(w). What is b(2)?
7
Let p be 92/10*15/6. Suppose -5*o - 8 + p = 0. Let v(r) = -r - 1. Determine v(o).
-4
Let l(c) = 2*c - 1. Let n(y) = -y**2 - 7*y - 7. Let h be n(-5). Let j(k) = -k**h + k - 3*k - 2*k + 8 - 7*k**2. Let r be j(-6). Calculate l(r).
-9
Suppose f - 45 = -5*n, -2*n - 9 = -f